ctors of 39/b + 856/10?
5, 17
Let x = 1436 + 6775. List the prime factors of x.
3, 7, 17, 23
Suppose -12 = -6*i - 0. Let c(h) = 7 - 12 + 8 + h**i. List the prime factors of c(2).
7
Suppose 2*w + y = 37934, -45*w + 40*w - 3*y = -94835. What are the prime factors of w?
13, 1459
Let j(d) = -10*d**3 - 10*d**2 - 6*d + 78. What are the prime factors of j(-7)?
2, 3, 5, 17
Let c = -1837 - -5403. What are the prime factors of c?
2, 1783
Suppose r + 5*n = 445, 5*n = -3*r + 1313 + 12. Suppose 0 = -2*k + 10*k + r. Let o = -37 - k. What are the prime factors of o?
2, 3
Let z = -17 - -20. Let n be ((-6)/4)/(z + 49/(-14)). Suppose -5*t + n*t = -338. What are the prime factors of t?
13
Let j = -434 + 435. What are the prime factors of j/(-6) - (-3729)/18?
3, 23
Suppose 295*t = 290*t + 3070. Suppose t = 4*x - 2*n - 1562, -2*n = -2*x + 1084. List the prime factors of x.
2, 3, 7, 13
Let a be 422/8 - 3/(-12). Let m(z) = -2*z - 30. Let o be m(-23). Let d = a - o. What are the prime factors of d?
37
Let z = 593 - -998. List the prime factors of z.
37, 43
Let u(d) = 2*d - 3. Let j be u(3). Let b be (1 + j)/(-16) + 733/4. Suppose -47 = -5*p + b. What are the prime factors of p?
2, 23
Suppose 4*f - 408 = -3*d - d, 5*f = 2*d + 496. Let t = f + -97. List the prime factors of t/(-6) + (-398)/(-4).
3, 11
List the prime factors of 9/((-90)/(-42380)) - (-8 - -1).
3, 5, 283
Let q = 53 - -1963. Suppose 8*v + 0*v - q = 0. What are the prime factors of v?
2, 3, 7
Suppose 3*h + 5 = -1. Suppose -s - 31 = 13. Let p = h - s. List the prime factors of p.
2, 3, 7
Let v(i) = 407*i - 1919. List the prime factors of v(94).
3, 12113
Let s(c) = -2*c - 9. Let u be s(-4). Let d be (9/(-6))/(u + 20/32). Suppose 2*n = d*f - 112 - 386, 253 = 2*f - 5*n. List the prime factors of f.
2, 31
What are the prime factors of 5347620/306 - 10/(-85)?
2, 17, 257
Let t(n) = 5*n**2 - 20*n - 12. Let w be t(12). Suppose -5*s = -2738 + w. What are the prime factors of s?
2, 227
List the prime factors of (-8771)/(-28)*43/((-172)/(-432)).
3, 7, 179
Let q(v) be the first derivative of -v**3/3 + 11*v**2/2 + 731*v + 109. List the prime factors of q(0).
17, 43
Let s(l) = l + 17. Suppose -18*j = -10*j + 56. Let d be s(j). What are the prime factors of (33 - 8)/(2/d)?
5
Let n(c) = -c**3 + 14*c**2 - 19*c - 7. Let h be n(12). Suppose 2550 = 58*k - h*k. List the prime factors of k.
2, 3, 5, 17
Let k = -295 + 667. Let d = k + -65. List the prime factors of d.
307
Suppose 3*w + 10973 = 2*s + 3715, -9685 = 4*w + 5*s. Let m = -1396 - w. List the prime factors of m.
2
Suppose 0*t - 1598024 - 22581 = -133*t. List the prime factors of t.
5, 2437
Let s = 104 - 98. Let f be (1 - 10/s)*-681. Suppose -f + 64 = -5*j. What are the prime factors of j?
2, 3, 13
Let a(l) = 18*l + 5. Suppose -24*d + 17*d = -42. Let w be a(d). Let x = w + -59. What are the prime factors of x?
2, 3
What are the prime factors of (-40254)/(-15) + -4 - 54/90?
3, 19, 47
Let f(g) be the second derivative of 2*g**3/3 + 141*g**2/2 + 42*g. List the prime factors of f(0).
3, 47
Let k = 56775 + -37101. What are the prime factors of k?
2, 3, 1093
Let b(u) be the third derivative of -21*u**4/8 - 28*u**3/3 - 4*u**2 - 6. What are the prime factors of b(-7)?
5, 7, 11
Let d be -103 + (8/8)/1*-2. Suppose 5*g + 341 + 714 = 0. Let m = d - g. List the prime factors of m.
2, 53
Let k = -1637 + 3687. Suppose -11*u + 3340 = -k. List the prime factors of u.
2, 5, 7
Let w = 11890 - -4800. List the prime factors of w.
2, 5, 1669
Suppose -3*p + 24559 = -x, 5*p - 40941 = -12*x + 9*x. List the prime factors of p.
3, 2729
Suppose -30*c + 32*c - 4 = 0. Suppose -6266 = -c*t - 11*t. List the prime factors of t.
2, 241
Let a = -260 + 119. Let j = a + 437. List the prime factors of j.
2, 37
Suppose i - 2 = -0. Suppose -s + 3*h - 12 = -2*h, 12 = 4*h. Suppose -i*q - 3*q + 253 = s*v, 5*v + 5*q = 415. What are the prime factors of v?
3
Suppose 2*v - 40449 = -2*v - 29969. What are the prime factors of v?
2, 5, 131
Let l(c) = -508*c - 1833. List the prime factors of l(-11).
5, 751
Let r(i) = i**3 + i**2 - 4*i + 22. Let o be r(0). Let u(b) = -2*b + 65. List the prime factors of u(o).
3, 7
Suppose -11 = -5*w + 4. Let q = 24 + -4. Suppose 680 = -w*v + q*v. What are the prime factors of v?
2, 5
Suppose -10*i + 2*c = -6*i - 74154, 15 = -5*c. List the prime factors of i.
3, 37, 167
Let a(y) = 2055*y - 12. Let z be a(-8). List the prime factors of z/(-42) + 2/7.
2, 7
Suppose -o + 190*u - 185*u + 40292 = 0, -201320 = -5*o - 3*u. What are the prime factors of o?
67, 601
Let i(k) = 1430*k**3 - 3*k**2 + 2*k. What are the prime factors of i(1)?
1429
Suppose 70839 = 7*v + 1077. What are the prime factors of v?
2, 3, 11, 151
Suppose 15*z - 2*o - 19156 = 14*z, -4*o - 134032 = -7*z. List the prime factors of z.
2, 2393
Suppose 29*c = 30*c. Suppose -7*k + 834 = 2*n - 5*k, c = -3*n + 5*k + 1211. List the prime factors of n.
2, 103
Suppose -3*q + 67010 = 5*s, -5*s - 108358 = -4*q - 19023. What are the prime factors of q?
3, 5, 1489
Let p(i) = -13*i**2 - 26*i - 6. Let k be p(-4). Let l = 122 + k. Suppose -l*f + 7*f + 1160 = 0. What are the prime factors of f?
2, 29
Suppose -8*v = -6*v - 124. Suppose -5*y - v = 33. Let a(i) = -i**2 - 21*i - 23. What are the prime factors of a(y)?
3, 5
Let r be ((-1)/2 + 6/24)*4. Let k(q) = -620*q**3 + q**2 - 2*q - 3. List the prime factors of k(r).
2, 5, 31
Let d(q) = q. Let w be d(0). Let y = -181 - -181. Suppose -4*g + 144 = -w*s + 3*s, -5*g - 5*s + 185 = y. List the prime factors of g.
3, 11
Let o(s) = -21*s - 61. Let z be o(-3). Suppose z*y + 738 = f, -20 = -10*y + 5*y. List the prime factors of f.
2, 373
List the prime factors of ((-7)/(-5))/((-109)/(-223995)).
3, 7, 137
What are the prime factors of (5/2)/(14/(-28105)*10/(-8))?
5, 11, 73
What are the prime factors of (7 + -11 - -13044) + (1 - (0 - -4))?
13037
Let y = -585 - -411. Let n = y + 244. List the prime factors of n.
2, 5, 7
Let v(m) = 43*m**2 + m. Let q be (-1)/5 + (-11)/(-5). Suppose -q*x - 3 + 5 = 0. List the prime factors of v(x).
2, 11
Let l(n) = -7*n + 77. Let h be l(10). Let i = h - -284. List the prime factors of i.
3, 97
Let a be 4/(-6) + -26*15/(-18). Suppose 0 = -14*n + 11*n - a. What are the prime factors of (n/(-3) - 1) + (-14)/(-21)?
2
What are the prime factors of ((-188616)/16)/(54/(-72))?
2, 29, 271
Suppose -5*b = 3*h - 1535 - 2944, -h - 5*b + 1503 = 0. List the prime factors of h.
2, 3, 31
Suppose 4*f - 19326 = -2*r, 174*f - 179*f + 28990 = 3*r. List the prime factors of r.
5, 1933
Let h(q) = 4*q**2 + 3*q - 93. Let r be h(11). Suppose 423*x + 127 = r*x. What are the prime factors of x?
127
Let y(w) = w**3 + 13*w**2 + 10*w - 2. Let x = 139 + -142. Let g be -2 - (6 + (-5 - x)). List the prime factors of y(g).
2, 5, 19
Let g = 134 - 98. Suppose 9*x - 3*x - 102 = 0. Let d = g + x. What are the prime factors of d?
53
Suppose -3*f = -15 - 18. Let q be 0 - 2 - f - 48/(-12). Let v(m) = 4*m**2 + 18*m + 9. List the prime factors of v(q).
3, 19
Suppose 2239 = 4*p - 237. List the prime factors of p - ((-42)/(-6) - 5).
617
Let q = 4573 + 4022. What are the prime factors of q?
3, 5, 191
Let m = 5 - 19. Suppose 0 = 142*c - 110*c - 672. What are the prime factors of c/m*(-618)/9?
103
Let l be (-18)/30 + -1 + (-7)/5. Let s be (-19)/(l + 4 - 2). Let i = s + -7. What are the prime factors of i?
2, 3
Let c(d) be the first derivative of 11*d**2/2 - 60*d + 170. What are the prime factors of c(12)?
2, 3
Let t(s) = -5*s + s**2 + 3*s - 3*s + 63 - s. What are the prime factors of t(12)?
3, 5
Suppose 124*y - 125*y = -2*a + 10452, -26130 = -5*a - y. What are the prime factors of a?
2, 3, 13, 67
Let d(p) = -32194*p**3 - 6*p**2 + 1. List the prime factors of d(-1).
32189
Suppose 2*i + 185*j - 186*j = 106091, 0 = i - j - 53044. What are the prime factors of i?
53047
Let a be 67/(-134)*(1 - 1). List the prime factors of (-272)/102*(a - (-930)/(-4)).
2, 5, 31
Let k be ((-2)/7)/((-11)/77). Suppose 0*v - 2*v - 5*h = -10, 0 = 2*v - k*h - 10. What are the prime factors of v - (-5 + 14) - -204?
2, 5
Suppose 4*y - 123 = -11. Let w be -24*((-18)/y - (-2)/14). Suppose w*r - 13*r = -141. What are the prime factors of r?
3, 47
List the prime factors of 19/57 + 177218*7/21.
3, 7, 29, 97
Suppose 0 = 35*f - 30*f - 29305. List the prime factor